ime number?
True
Is (-1 - (2 + -1))/(3703312/(-336664) - -11) prime?
False
Let v be -1 - -36 - (-1 - (-2 - -2)). Suppose 2*p = -4*g + 40 - 0, 0 = -4*p + 3*g + v. Is (679/(-4) + 9/p)/(-1) a composite number?
True
Suppose 2*c - 10307 = 3247. Suppose 9*w - 11682 = c. Is w a composite number?
True
Let f(a) = 3346*a**2 - 15*a + 15. Is f(4) composite?
True
Let k = -65405 - -136932. Is k prime?
True
Let d(g) = -g**2 - 21*g + 4 + 0*g**2 + 31 - 49*g**3 - 122*g**3. Is d(-8) a prime number?
True
Suppose -14 - 18 = -4*s. Suppose s*k = 2569 + 655. Suppose 0 = -4*w + 1465 + k. Is w prime?
True
Suppose 4*g = o + 7804, -2*g - 765 = -2*o - 4667. Suppose 0 = -2*n + p + g, n - 8*p = -4*p + 993. Is n prime?
False
Let c = 23808 + -37314. Is (3/18)/((-1)/c) a prime number?
True
Let i be 15039 - 11/((-33)/21). Let d = 8101 + i. Is d composite?
True
Suppose 4*m - 1259524 = 22*f - 21*f, 5*f = -m + 314881. Is m composite?
True
Let h(d) = 229*d - 25 + 75 - 11 + 12. Is h(8) a composite number?
True
Let h(u) = -52*u**3 + 4*u**2 + 4*u - 18. Let q(v) = -53*v**3 + 4*v**2 + 5*v - 19. Let j(m) = -6*h(m) + 5*q(m). Is j(5) composite?
True
Let y be 2 + 333/15 + (-1)/5. Suppose g - 4*g = -y. Is (-3 + 396/g)/(12/16) prime?
False
Let a(r) = 7721*r - 40. Let s be a(6). Suppose 2*k - 4*o = s, o + 46277 = 6*k - 4*k. Is k a composite number?
True
Let o = 99671 + -68356. Is o prime?
False
Let l(p) = -1067*p + 27. Let t(y) = 2136*y - 53. Let k(s) = 9*l(s) + 4*t(s). Let w(x) = x**3 - 6*x**2 + 3*x + 6. Let h be w(5). Is k(h) prime?
False
Let b(m) = 340*m - 1356. Let f be b(4). Let d = 5 - 1. Suppose -3152 = -2*u + d*t, -t - 9246 = -f*u - 2949. Is u prime?
False
Let f(d) = -512*d - 18. Suppose -14 = 3*c + 7. Is f(c) prime?
False
Let v(b) = -5*b**3 + 670*b**2 - 25*b + 43. Is v(-18) a composite number?
True
Let x(l) = 2*l**3 - 10*l**2 + 2*l + 37. Is x(18) a prime number?
False
Let n(u) = 103*u**3 - 16*u**2 - 46*u - 16. Is n(15) composite?
True
Is (-16561 + -9 + 12)*1/(-2) a composite number?
True
Is 1 - 5 - -83*(-115063)/(-13) composite?
True
Let x = 519404 - 193511. Is x a composite number?
True
Let k(y) = -y + 7. Let m be k(5). Suppose -4*l - 4*i + 55844 = 0, 6*i - 2*i = m*l - 27928. Let g = -7819 + l. Is g a composite number?
False
Suppose 12*j = 759343 + 2766822 - 742129. Is j a prime number?
True
Let h(t) = -3*t**2 + 9*t - 3. Let m be h(4). Let j be (42*(-2)/m)/(2/4485). Is j/22 - (4/(-22))/1 a prime number?
True
Suppose 2*u - 1001 = 1807. Let t = u - 548. Let a = -243 + t. Is a prime?
True
Let z = -30 + 32. Suppose -z*r = -135 - 69. Let b = r + 11. Is b a prime number?
True
Let g be (12/(-9 + 7))/(-3 + 1). Suppose -2*b + 5*d + 2386 = 0, -2414 = -2*b + d - g*d. Suppose 2*w - 2*i - 1309 = b, 6301 = 5*w + 2*i. Is w a prime number?
True
Suppose 5*n + z - 4*z = -28, 3*n + 4*z + 11 = 0. Is (-4)/(10/n) + -3 + 4752 a prime number?
True
Suppose -4*v + 17*v = 19799. Is v/5 + (-2)/(-5) a prime number?
False
Suppose -22*z + 12*z = -120. Let v be -644*(3 - ((-195)/z - 1)). Is v/(-6) + (-2)/4 composite?
True
Let z = 759 - 715. Suppose -v + 23953 = -4*m, -39*v = -z*v - 5*m + 119790. Is v a prime number?
True
Let m(d) = -9*d**3 + d**2 - 11*d - 9. Let x be m(-5). Let v = x - 495. Is v prime?
True
Suppose -2*n = 1375 - 4665. Suppose -3*l + 4*c = -n - 6896, -15 = 5*c. Is l a prime number?
True
Let x = -27 - -147. Suppose -3*b + x = 3*b. Suppose 0 = b*f - 6*f - 2002. Is f prime?
False
Suppose 4*v - 1 = 3*v + 2*u, 0 = v - 5*u + 5. Suppose -v*r - r = 702. Let f = -60 - r. Is f a composite number?
True
Suppose -2*j - j - 26880 = 3*h, -3*j - 26880 = h. Let z = -1557 - j. Is z a composite number?
True
Let o(d) = -d**2 + 7*d + 17. Let c be o(6). Suppose 0 = -c*i - 13*i + 362052. Is i a composite number?
True
Let b(c) = 22*c**3 + 17*c**2 - 171*c + 2027. Is b(15) a prime number?
False
Suppose 10517787 = 170*x - 120983. Is x composite?
False
Let h be (334 + -1)/(6/248 - 0). Let l = h - 9277. Is l a prime number?
False
Suppose -8*d = -6*d. Suppose -2*b - 8 = d, 5*k + 555 = -b + 5106. Is k a composite number?
False
Suppose -3*s - 5*j + 25199 = 0, 0 = -0*j + j - 1. Let z = 20491 + s. Is z a composite number?
True
Suppose -15*p = -116264 - 1480081. Is p prime?
False
Let m(b) = -116*b**3 - 5*b**2 - 7*b + 1. Let v be (-36)/(-48) - 30/8. Is m(v) a composite number?
False
Is (3*-1)/(853536/284528 - 3) composite?
False
Suppose g - 3057 = 1851. Suppose 3*f - l = g, 0 = 2*f - 3*l - 2*l - 3259. Is f a prime number?
True
Let q(m) = -273*m + 18. Let l(t) = 4*t - 33. Let c be l(7). Is q(c) prime?
False
Suppose -5 = 7*s - 12*s. Let b be 135/30 + (-2)/4 + s. Suppose -8*c + 10*c = 5*p - 2401, 0 = -4*p + b*c + 1914. Is p a prime number?
False
Let i(t) = -16 + t + t + 13 - 21. Let r be i(13). Suppose r*j + 5*u - 131 = 0, -2*u + 74 = 4*j - 148. Is j composite?
False
Let o = 125 - 101. Suppose -6*a = 6*a - o. Is (-214518)/(-30) + a/5 composite?
False
Let s(m) be the second derivative of -3*m**5/20 - 11*m**4/12 - m**3 - 15*m**2/2 - 167*m. Is s(-8) a composite number?
True
Suppose 896 = -16*z + 24*z. Suppose 117*w - z*w = 12185. Is w a composite number?
False
Let b(m) = 6977*m**2 + 12*m - 10. Is b(-3) a prime number?
False
Let h(c) = 425*c**2 - 5*c - 197. Is h(-8) composite?
False
Let x be (4 - 4)/(4 + -3). Suppose 3*v - 2695 - 6392 = x. Suppose -3*p - i + 3*i + v = 0, 2*p + 2*i = 2016. Is p a prime number?
True
Let j = 6 - 76. Is (-329330)/j - (6/21)/(-1) composite?
True
Let o(g) = -8*g + 146. Let u be o(16). Suppose 3*f - 20213 = 2*d, -u*d = -5*f - 14*d + 33687. Is f composite?
True
Let k(p) = -17*p**3 + 3*p**2 + 2*p + 8. Let y be k(-4). Suppose c - 155 = -y. Let n = -142 - c. Is n a prime number?
True
Suppose 6*z - 8375 + 2717 = 0. Suppose -3*s + z = -4442. Let t = -618 + s. Is t composite?
True
Let c = 680 + -673. Suppose c*z - 2607 - 16160 = 0. Is z prime?
False
Suppose -64807 = -5*u + 4*t, 229*t + 25933 = 2*u + 224*t. Is u a prime number?
True
Suppose 8 = l + 1. Suppose 0 = -2*p + l*p. Suppose p = -8*m + 3329 + 3927. Is m a prime number?
True
Let q(w) be the first derivative of 22*w**2 - 122*w + 41. Is q(15) composite?
True
Let x(w) = w**3 + 60*w**2 + 117*w + 65. Let i be x(-58). Suppose 37843 + 19130 = i*a. Is a prime?
False
Let z(g) = 2132*g**2 - 7*g - 20. Let v be z(-4). Suppose -v = -0*m - 8*m. Is m a composite number?
True
Suppose -326*k + 84328277 = 22229515. Is k a composite number?
True
Let p(j) = 5*j**3 + 16*j**2 - 20*j + 28. Let g be p(12). Let q = g - 5991. Is q prime?
False
Suppose l - 12 = -10. Suppose -3047 = -l*q + 5*d, 0 = -2*q - q - d + 4528. Is q a composite number?
False
Suppose 378*c - 372*c - 351606 = 0. Is c a prime number?
True
Let x(f) = f**2 + 14*f - 15. Let d be x(-12). Let g = -35 - d. Is -178*(15/(-2) + g) composite?
True
Suppose -321 = 11*m + 405. Is 207/6*(-10516)/m composite?
True
Is 6/4*11054566/393 a prime number?
True
Let w = -10176 - -5328. Is (2 - 3)*(-13 + w) a prime number?
True
Let r(q) = -12*q**2 - q + 23. Let d(a) = -13*a**2 - a + 21. Let p(g) = 4*d(g) - 5*r(g). Is p(18) a prime number?
True
Suppose 4*i - 3370802 = -2*y, -6*y - 255865 - 1429543 = -2*i. Is i composite?
False
Is (-342)/(-18 - 0) - -18918 prime?
False
Let c be (200 - 4 - 3)*26. Let p = 8805 - c. Is p prime?
False
Suppose 4*s + 770302 = 16*h - 10*h, -5*s + 25 = 0. Is h composite?
True
Let a be -56 + 61 + 1/1 + -4. Suppose -19505 = -5*i + 2*o, 34*i = 32*i - a*o + 7788. Is i a composite number?
True
Let r be 0*(9/7 + (-4)/14). Suppose -3*d - 3 = 4*h + 8, 2*d - h = r. Let i(p) = 374*p**2 - p - 2. Is i(d) a composite number?
False
Is (49809/6)/(-15 - (-465)/30) composite?
False
Suppose 28*x - 258861 = 144815. Let d = x + -2410. Is d a prime number?
True
Let v(z) be the first derivative of z**3/3 - z**2 + 5791*z + 33. Is v(0) composite?
False
Let s = 30 - -1. Let b = s - 30. Let l(n) = 517*n. Is l(b) a composite number?
True
Suppose 35*j = 17*j + 26190. Let i = j + -368. Is i a composite number?
False
Let q = 11028 + -2967. Suppose -q - 2740 = -7*p. Is p a composite number?
False
Let m = -1128 + 674. Let r = 760 + m. Suppose -3*a = -9*a + r. Is a a composite number?
True
Suppose -858*h - 4999416 = -882*h. Is h a composite number?
False
Let m = 295 - 280. Let s(x) = 6*x**2 + 15*x + 82. Is s(m) composite?
False
Suppose 5*h = 5*x - 1